{"id":35,"date":"2024-12-06T17:59:08","date_gmt":"2024-12-06T17:59:08","guid":{"rendered":"https:\/\/skflyttstadning.com\/?page_id=35"},"modified":"2025-01-05T20:02:32","modified_gmt":"2025-01-05T20:02:32","slug":"home-skflyttidstadning","status":"publish","type":"page","link":"https:\/\/skflyttstadning.com\/","title":{"rendered":"V\u00e4lkommen till SK flyttst\u00e4dning"},"content":{"rendered":"<div id=\"pl-gb35-69e4c269d2049\"  class=\"panel-layout\" ><div id=\"pg-gb35-69e4c269d2049-0\"  class=\"panel-grid panel-has-style\" ><div class=\"siteorigin-panels-stretch panel-row-style panel-row-style-for-gb35-69e4c269d2049-0\" data-stretch-type=\"full-width-stretch\" ><div id=\"pgc-gb35-69e4c269d2049-0-0\"  class=\"panel-grid-cell\" ><div id=\"panel-gb35-69e4c269d2049-0-0-0\" class=\"so-panel widget widget_sow-hero panel-first-child panel-last-child\" data-index=\"0\" ><div\n\t\t\t\n\t\t\tclass=\"so-widget-sow-hero so-widget-sow-hero-default-644633124745-35 so-widget-fittext-wrapper\"\n\t\t\t data-fit-text-compressor=\"0.85\"\n\t\t>\t\t\t\t<div class=\"sow-slider-base\" style=\"display: none\" tabindex=\"0\">\n\t\t\t\t\t<ul\n\t\t\t\t\tclass=\"sow-slider-images\"\n\t\t\t\t\tdata-settings=\"{&quot;pagination&quot;:true,&quot;speed&quot;:800,&quot;timeout&quot;:8000,&quot;paused&quot;:false,&quot;pause_on_hover&quot;:false,&quot;swipe&quot;:true,&quot;nav_always_show_desktop&quot;:&quot;&quot;,&quot;nav_always_show_mobile&quot;:&quot;&quot;,&quot;breakpoint&quot;:&quot;780px&quot;,&quot;unmute&quot;:false,&quot;anchor&quot;:null}\"\n\t\t\t\t\tstyle=\"min-height: 455px\"\t\t\t\t\tdata-anchor-id=\"\"\n\t\t\t\t>\t\t<li class=\"sow-slider-image  sow-slider-image-cover\" style=\"visibility: visible;;background-color: #333333\" >\n\t\t\t\t\t<div class=\"sow-slider-image-container\">\n\t\t\t<div class=\"sow-slider-image-wrapper\">\n\t\t\t\t<h1 style=\"text-align: center\">Om SK flyttst\u00e4dning<\/h1>\n\t\t\t<\/div>\n\t\t<\/div>\n\t\t<div class=\"sow-slider-image-overlay sow-slider-image-cover\" style=\"opacity: 0.36;background-image: url(https:\/\/skflyttstadning.com\/wp-content\/uploads\/2024\/12\/depositphotos_355770670-stock-photo-cropped-view-cleaner-rubber-gloves.webp)\"  ><\/div>\t\t<\/li>\n\t\t<\/ul>\t\t\t\t<ol class=\"sow-slider-pagination\">\n\t\t\t\t\t\t\t\t\t\t\t<li><a href=\"#\" data-goto=\"0\" aria-label=\"display slide 1\"><\/a><\/li>\n\t\t\t\t\t\t\t\t\t<\/ol>\n\n\t\t\t\t<div class=\"sow-slide-nav sow-slide-nav-next\">\n\t\t\t\t\t<a href=\"#\" data-goto=\"next\" aria-label=\"next slide\" data-action=\"next\">\n\t\t\t\t\t\t<em class=\"sow-sld-icon-thin-right\"><\/em>\n\t\t\t\t\t<\/a>\n\t\t\t\t<\/div>\n\n\t\t\t\t<div class=\"sow-slide-nav sow-slide-nav-prev\">\n\t\t\t\t\t<a href=\"#\" data-goto=\"previous\" aria-label=\"previous slide\" data-action=\"prev\">\n\t\t\t\t\t\t<em class=\"sow-sld-icon-thin-left\"><\/em>\n\t\t\t\t\t<\/a>\n\t\t\t\t<\/div>\n\t\t\t\t<\/div><\/div><\/div><\/div><\/div><\/div><div id=\"pg-gb35-69e4c269d2049-1\"  class=\"panel-grid panel-has-style\" ><div class=\"siteorigin-panels-stretch panel-row-style panel-row-style-for-gb35-69e4c269d2049-1\" data-stretch-type=\"full\" ><div id=\"pgc-gb35-69e4c269d2049-1-0\"  class=\"panel-grid-cell panel-grid-cell-mobile-last\" ><div id=\"panel-gb35-69e4c269d2049-1-0-0\" class=\"so-panel widget widget_sow-editor panel-first-child panel-last-child\" data-index=\"1\" ><div\n\t\t\t\n\t\t\tclass=\"so-widget-sow-editor so-widget-sow-editor-base\"\n\t\t\t\n\t\t><h3 class=\"widget-title\">Om Oss<\/h3>\n<div class=\"siteorigin-widget-tinymce textwidget\">\n\t<section id=\"om-oss\" class=\"elementor-section elementor-top-section elementor-element elementor-element-e879b76 elementor-reverse-tablet elementor-reverse-mobile elementor-section-boxed elementor-section-height-default elementor-section-height-default\" data-id=\"e879b76\" data-element_type=\"section\">\n<div class=\"elementor-container elementor-column-gap-default\">\n<div class=\"elementor-column elementor-col-50 elementor-top-column elementor-element elementor-element-c8b99bf animated fadeInUp\" data-id=\"c8b99bf\" data-element_type=\"column\" data-settings=\"{&quot;animation&quot;:&quot;fadeInUp&quot;,&quot;animation_delay&quot;:400}\">\n<div class=\"elementor-widget-wrap elementor-element-populated\">\n<div class=\"elementor-element elementor-element-2cff0ca elementor-widget elementor-widget-text-editor\" data-id=\"2cff0ca\" data-element_type=\"widget\" data-widget_type=\"text-editor.default\">\n<div class=\"elementor-widget-container\">\n<p>SK flyttst\u00e4dning \u00e4r ett komplett st\u00e4df\u00f6retag som utf\u00f6r allt inom st\u00e4dning i hela V\u00e4sterbotten\u00a0. Vi vet att bek\u00e4mpa den oundvikliga flyttst\u00e4dningen inte \u00e4r det roligaste jobbet f\u00f6r m\u00e5nga, d\u00e4rf\u00f6r tar vi ansvar f\u00f6r flyttst\u00e4dningen fr\u00e5n golv till tak p\u00e5 en noggrann och kunnig s\u00e4tt. Vi p\u00e5 SK flyttst\u00e4dning anv\u00e4nder milj\u00f6v\u00e4nliga l\u00f6sningar och garanterar att reng\u00f6ra allt fr\u00e5n avloppsventiler till snabba ugnsfl\u00e4ktar och dammiga lister. Vill du ha ett riktigt skinande rent badrum, golvv\u00e5rd, ett rent och snyggt k\u00f6k och nyputsade f\u00f6nster vid en flyttst\u00e4dning ska du kontakta oss! V\u00e5r st\u00e4dfirma erbjuder flyttst\u00e4dthriller i hela V\u00e4sterbotten\u00a0. Genom att uppr\u00e4tth\u00e5lla kvaliteten med alltid ett fast pris utlovat till kunden. Vi st\u00e5r f\u00f6r god kvalitet och en n\u00f6jd kundgaranti, d\u00e4rf\u00f6r kan vi alltid erbjuda att f\u00e5 varje f\u00f6rem\u00e5l att gl\u00e4nsa under v\u00e5ra flyttst\u00e4dningar.<\/p>\n<\/div>\n<\/div>\n<\/div>\n<\/div>\n<\/div>\n<\/section>\n<section id=\"varf\u00f6r-v\u00e4lja-oss\" class=\"elementor-section elementor-top-section elementor-element elementor-element-7efe1d89 elementor-section-boxed elementor-section-height-default elementor-section-height-default\" data-id=\"7efe1d89\" data-element_type=\"section\" data-settings=\"{&quot;background_background&quot;:&quot;classic&quot;}\">\n<div class=\"elementor-container elementor-column-gap-default\">\n<div class=\"elementor-column elementor-col-100 elementor-top-column elementor-element elementor-element-4a42461c\" data-id=\"4a42461c\" data-element_type=\"column\">\n<div class=\"elementor-widget-wrap elementor-element-populated\">\n<section class=\"elementor-section elementor-inner-section elementor-element elementor-element-6bea8a69 elementor-section-boxed elementor-section-height-default elementor-section-height-default\" data-id=\"6bea8a69\" data-element_type=\"section\">\n<div class=\"elementor-container elementor-column-gap-default\">\n<div class=\"elementor-column elementor-col-100 elementor-inner-column elementor-element elementor-element-3f40a262\" data-id=\"3f40a262\" data-element_type=\"column\">\n<div class=\"elementor-widget-wrap elementor-element-populated\">\n<div class=\"elementor-element elementor-element-416da1ec elementor-widget__width-auto elementor-widget elementor-widget-heading animated fadeIn\" data-id=\"416da1ec\" data-element_type=\"widget\" data-settings=\"{&quot;_animation&quot;:&quot;fadeIn&quot;,&quot;_animation_delay&quot;:150}\" data-widget_type=\"heading.default\">\n<div class=\"elementor-widget-container\"><\/div>\n<\/div>\n<\/div>\n<\/div>\n<\/div>\n<\/section>\n<\/div>\n<\/div>\n<\/div>\n<\/section>\n<\/div>\n<\/div><\/div><\/div><div id=\"pgc-gb35-69e4c269d2049-1-1\"  class=\"panel-grid-cell panel-grid-cell-empty\" ><\/div><\/div><\/div><div id=\"pg-gb35-69e4c269d2049-2\"  class=\"panel-grid panel-has-style\" ><div class=\"siteorigin-panels-stretch panel-row-style panel-row-style-for-gb35-69e4c269d2049-2\" data-stretch-type=\"full\" ><div id=\"pgc-gb35-69e4c269d2049-2-0\"  class=\"panel-grid-cell\" ><div id=\"panel-gb35-69e4c269d2049-2-0-0\" class=\"so-panel widget widget_sow-headline panel-first-child panel-last-child\" data-index=\"2\" ><div\n\t\t\t\n\t\t\tclass=\"so-widget-sow-headline so-widget-sow-headline-default-b8175bd807ca-35 so-widget-fittext-wrapper\"\n\t\t\t data-fit-text-compressor=\"0.85\"\n\t\t><div class=\"sow-headline-container \">\n\t\t\t\t\t\t\t<h1 class=\"sow-headline\">\n\t\t\t\t\t\tKontakt Oss\t\t\t\t\t\t<\/h1>\n\t\t\t\t\t\t\t\t\t\t\t<div class=\"decoration\">\n\t\t\t\t\t\t<div class=\"decoration-inside\"><\/div>\n\t\t\t\t\t<\/div>\n\t\t\t\t\t\t\t\t\t\t\t<h3 class=\"sow-sub-headline\">\n\t\t\t\t\t\tVi \u00e4r redo att hj\u00e4lpa alla st\u00e4dproblem &#8230; ge oss ett rop!\t\t\t\t\t\t<\/h3>\n\t\t\t\t\t\t<\/div>\n<\/div><\/div><\/div><\/div><\/div><div id=\"pg-gb35-69e4c269d2049-3\"  class=\"panel-grid panel-has-style\" ><div class=\"siteorigin-panels-stretch panel-row-style panel-row-style-for-gb35-69e4c269d2049-3\" data-stretch-type=\"full\" ><div id=\"pgc-gb35-69e4c269d2049-3-0\"  class=\"panel-grid-cell\" ><div id=\"panel-gb35-69e4c269d2049-3-0-0\" class=\"so-panel widget widget_sow-headline panel-first-child\" data-index=\"3\" ><div\n\t\t\t\n\t\t\tclass=\"so-widget-sow-headline so-widget-sow-headline-default-b71fce87a7d6-35 so-widget-fittext-wrapper\"\n\t\t\t data-fit-text-compressor=\"0.85\"\n\t\t><div class=\"sow-headline-container \">\n\t\t\t\t\t\t\t<h2 class=\"sow-headline\">\n\t\t\t\t\t\tSend Us a Message\t\t\t\t\t\t<\/h2>\n\t\t\t\t\t\t<\/div>\n<\/div><\/div><div id=\"panel-gb35-69e4c269d2049-3-0-1\" class=\"so-panel widget widget_sow-contact-form panel-last-child\" data-index=\"4\" ><div\n\t\t\t\n\t\t\tclass=\"so-widget-sow-contact-form so-widget-sow-contact-form-default-461cbe08e7be-35\"\n\t\t\t\n\t\t>\t<form\n\t\taction=\"\/index.php\/wp-json\/wp\/v2\/pages\/35\"\n\t\tmethod=\"POST\"\n\t\tclass=\"sow-contact-form\"\n\t\tid=\"contact-form-624b\"\n\t>\n\n\t\t\n\t\t\t\t\t<div class=\"sow-form-field sow-form-field-name\">\n\t\t\t\t<label class=\"sow-form-field-label-above\" for=\"sow-contact-form-field-your-name-562e5fae0271d\">\n\t\t\t\t<strong>\n\t\t\t\t\tYour Name\t\t\t\t\t\t\t\t\t<\/strong>\n\t\t\t<\/label>\n\t\t\t\t\t\t\t<span class=\"sow-field-container\">\n\t\t\t\t\t\t\t<input\n\t\t\ttype=\"text\"\n\t\t\tname=\"your-name-562e5fae0271d\"\n\t\t\tid=\"sow-contact-form-field-your-name-562e5fae0271d\"\n\t\t\tvalue=\"\"\n\t\t\tclass=\"sow-text-field\"\n\t\t\t\t\t\/>\n\t\t\t\t\t\t<\/span>\n\t\t\t\t\t\t\t<\/div>\n\t\t\t\t\t\t<div class=\"sow-form-field sow-form-field-email\">\n\t\t\t\t<label class=\"sow-form-field-label-above\" for=\"sow-contact-form-field-your-email-562e5fae0271d\">\n\t\t\t\t<strong>\n\t\t\t\t\tYour Email\t\t\t\t\t\t\t\t\t<\/strong>\n\t\t\t<\/label>\n\t\t\t\t\t\t\t<span class=\"sow-field-container\">\n\t\t\t\t\t\t\t<input\n\t\t\ttype=\"email\"\n\t\t\tname=\"your-email-562e5fae0271d\"\n\t\t\tid=\"sow-contact-form-field-your-email-562e5fae0271d\"\n\t\t\tvalue=\"\"\n\t\t\tclass=\"sow-text-field\"\t\t\t\t\t\t\t\t\/>\n\t\t\t\t\t\t<\/span>\n\t\t\t\t\t\t\t<\/div>\n\t\t\t\t\t\t<div class=\"sow-form-field sow-form-field-subject\">\n\t\t\t\t<label class=\"sow-form-field-label-above\" for=\"sow-contact-form-field-subject-562e5fae0271d\">\n\t\t\t\t<strong>\n\t\t\t\t\tSubject\t\t\t\t\t\t\t\t\t<\/strong>\n\t\t\t<\/label>\n\t\t\t\t\t\t\t<span class=\"sow-field-container\">\n\t\t\t\t\t\t\t<input\n\t\t\ttype=\"text\"\n\t\t\tname=\"subject-562e5fae0271d\"\n\t\t\tid=\"sow-contact-form-field-subject-562e5fae0271d\"\n\t\t\tvalue=\"\"\n\t\t\tclass=\"sow-text-field\"\n\t\t\t\t\t\t\t\t\/>\n\t\t\t\t\t\t<\/span>\n\t\t\t\t\t\t\t<\/div>\n\t\t\t\t\t\t<div class=\"sow-form-field sow-form-field-textarea\">\n\t\t\t\t<label class=\"sow-form-field-label-above\" for=\"sow-contact-form-field-message-562e5fae0271d\">\n\t\t\t\t<strong>\n\t\t\t\t\tMessage\t\t\t\t\t\t\t\t\t<\/strong>\n\t\t\t<\/label>\n\t\t\t\t\t\t\t<span class=\"sow-field-container\">\n\t\t\t\t\t\t\t<textarea\n\t\t\tname=\"message-562e5fae0271d\"\n\t\t\tid=\"sow-contact-form-field-message-562e5fae0271d\"\n\t\t\trows=\"10\"\n\t\t\t\t\t\t\t\t><\/textarea>\n\t\t\t\t\t\t<\/span>\n\t\t\t\t\t\t\t<\/div>\n\t\t\t\n\t\t\n\t\t<div class=\"sow-submit-wrapper \">\n\n\t\t\t<button\n\t\t\t\ttype=\"submit\"\n\t\t\t\tclass=\"sow-submit\"\n\t\t\t\t\t\t\t>\n\t\t\t\tContact Us\t\t\t<\/button>\n\t\t<\/div>\n\t\t\t\t<input type=\"hidden\" name=\"instance_hash\" value=\"624baa9b459c7cf3f284994406d80a64\" \/>\n\t\t<input type=\"hidden\" id=\"_wpnonce\" name=\"_wpnonce\" value=\"94a7a62b83\" \/><input type=\"hidden\" name=\"_wp_http_referer\" value=\"\/index.php\/wp-json\/wp\/v2\/pages\/35\" \/>\t<\/form>\n\t<\/div><\/div><\/div><div id=\"pgc-gb35-69e4c269d2049-3-1\"  class=\"panel-grid-cell\" ><div id=\"panel-gb35-69e4c269d2049-3-1-0\" class=\"so-panel widget widget_sow-headline panel-first-child\" data-index=\"5\" ><div\n\t\t\t\n\t\t\tclass=\"so-widget-sow-headline so-widget-sow-headline-default-b71fce87a7d6-35\"\n\t\t\t\n\t\t><div class=\"sow-headline-container \">\n\t\t\t\t\t\t\t<h2 class=\"sow-headline\">\n\t\t\t\t\t\tKontakt Inormation\t\t\t\t\t\t<\/h2>\n\t\t\t\t\t\t<\/div>\n<\/div><\/div><div id=\"panel-gb35-69e4c269d2049-3-1-1\" class=\"so-panel widget widget_sow-editor\" data-index=\"6\" ><div\n\t\t\t\n\t\t\tclass=\"so-widget-sow-editor so-widget-sow-editor-base\"\n\t\t\t\n\t\t>\n<div class=\"siteorigin-widget-tinymce textwidget\">\n\t<p><em><span style=\"color: #818181;\">Skflyttst\u00e4dning<\/span><\/em><br \/>\n<em><span style=\"color: #818181;\">Umea, Sofihemsvagen 71<\/span><\/em><br \/>\n<em><span style=\"color: #818181;\">Sweden<\/span><\/em><br \/>\n<em><span style=\"color: #818181;\">90738<\/span><\/em><br \/>\n<em><span style=\"color: #818181;\">072-2890134<\/span><\/em><br \/>\n<em><span style=\"color: #818181;\">info@Skflyttstadning.com<\/span><\/em><\/p>\n<\/div>\n<\/div><\/div><div id=\"panel-gb35-69e4c269d2049-3-1-2\" class=\"so-panel widget widget_sow-social-media-buttons panel-last-child\" data-index=\"7\" ><div\n\t\t\t\n\t\t\tclass=\"so-widget-sow-social-media-buttons so-widget-sow-social-media-buttons-flat-65b5a9d95efd-35\"\n\t\t\t\n\t\t>\n\n<div class=\"social-media-button-container\">\n\t\n\t\t<a class=\"ow-button-hover sow-social-media-button-facebook-0 sow-social-media-button\" title=\"SKflyttst\u00e4dning on Facebook\" aria-label=\"SKflyttst\u00e4dning on Facebook\" target=\"_blank\" rel=\"noopener noreferrer\" href=\"https:\/\/www.facebook.com\/\" >\n\t\t\t<span>\n\t\t\t\t\t\t\t\t<span class=\"sow-icon-fontawesome sow-fab\" data-sow-icon=\"&#xf39e;\"\n\t\t \n\t\taria-hidden=\"true\"><\/span>\t\t\t\t\t\t\t<\/span>\n\t\t<\/a>\n\t\n\t\t<a class=\"ow-button-hover sow-social-media-button-x-twitter-0 sow-social-media-button\" title=\"SKflyttst\u00e4dning on X Twitter\" aria-label=\"SKflyttst\u00e4dning on X Twitter\" target=\"_blank\" rel=\"noopener noreferrer\" href=\"https:\/\/twitter.com\/\" >\n\t\t\t<span>\n\t\t\t\t\t\t\t\t<span class=\"sow-icon-fontawesome sow-fab\" data-sow-icon=\"&#xe61b;\"\n\t\t \n\t\taria-hidden=\"true\"><\/span>\t\t\t\t\t\t\t<\/span>\n\t\t<\/a>\n\t\n\t\t<a class=\"ow-button-hover sow-social-media-button-instagram-0 sow-social-media-button\" title=\"SKflyttst\u00e4dning on Instagram\" aria-label=\"SKflyttst\u00e4dning on Instagram\" target=\"_blank\" rel=\"noopener noreferrer\" href=\"https:\/\/instagram.com\/\" >\n\t\t\t<span>\n\t\t\t\t\t\t\t\t<span class=\"sow-icon-fontawesome sow-fab\" data-sow-icon=\"&#xf16d;\"\n\t\t \n\t\taria-hidden=\"true\"><\/span>\t\t\t\t\t\t\t<\/span>\n\t\t<\/a>\n\t\n\t\t<a class=\"ow-button-hover sow-social-media-button-envelope-0 sow-social-media-button\" title=\"SKflyttst\u00e4dning on Envelope\" aria-label=\"SKflyttst\u00e4dning on Envelope\" target=\"_blank\" rel=\"noopener noreferrer\" href=\"mailto:\" >\n\t\t\t<span>\n\t\t\t\t\t\t\t\t<span class=\"sow-icon-fontawesome sow-fas\" data-sow-icon=\"&#xf0e0;\"\n\t\t \n\t\taria-hidden=\"true\"><\/span>\t\t\t\t\t\t\t<\/span>\n\t\t<\/a>\n\t<\/div>\n<\/div><\/div><\/div><\/div><\/div><\/div>\n\n\n<p><\/p>\n","protected":false},"excerpt":{"rendered":"<p>SK flyttst\u00e4dning \u00e4r ett komplett st\u00e4df\u00f6retag som utf\u00f6r allt inom st\u00e4dning i hela V\u00e4sterbotten\u00a0. Vi vet att bek\u00e4mpa den oundvikliga flyttst\u00e4dningen inte \u00e4r det roligaste jobbet f\u00f6r m\u00e5nga, d\u00e4rf\u00f6r tar vi ansvar f\u00f6r flyttst\u00e4dningen fr\u00e5n golv till tak p\u00e5 en noggrann och kunnig s\u00e4tt. Vi p\u00e5 SK flyttst\u00e4dning anv\u00e4nder milj\u00f6v\u00e4nliga l\u00f6sningar och garanterar att reng\u00f6ra&hellip;<\/p>\n","protected":false},"author":1,"featured_media":0,"parent":0,"menu_order":0,"comment_status":"closed","ping_status":"closed","template":"","meta":{"footnotes":""},"class_list":["post-35","page","type-page","status-publish","hentry","post"],"yoast_head":"<!-- This site is optimized with the Yoast SEO plugin v24.0 - https:\/\/yoast.com\/wordpress\/plugins\/seo\/ -->\n<title>V\u00e4lkommen till SK flyttst\u00e4dning - SKflyttst\u00e4dning<\/title>\n<meta name=\"robots\" content=\"index, follow, max-snippet:-1, max-image-preview:large, max-video-preview:-1\" \/>\n<link rel=\"canonical\" href=\"https:\/\/skflyttstadning.com\/\" \/>\n<meta property=\"og:locale\" content=\"en_US\" \/>\n<meta property=\"og:type\" content=\"article\" \/>\n<meta property=\"og:title\" content=\"V\u00e4lkommen till SK flyttst\u00e4dning - SKflyttst\u00e4dning\" \/>\n<meta property=\"og:description\" content=\"SK flyttst\u00e4dning \u00e4r ett komplett st\u00e4df\u00f6retag som utf\u00f6r allt inom st\u00e4dning i hela V\u00e4sterbotten\u00a0. Vi vet att bek\u00e4mpa den oundvikliga flyttst\u00e4dningen inte \u00e4r det roligaste jobbet f\u00f6r m\u00e5nga, d\u00e4rf\u00f6r tar vi ansvar f\u00f6r flyttst\u00e4dningen fr\u00e5n golv till tak p\u00e5 en noggrann och kunnig s\u00e4tt. Vi p\u00e5 SK flyttst\u00e4dning anv\u00e4nder milj\u00f6v\u00e4nliga l\u00f6sningar och garanterar att reng\u00f6ra&hellip;\" \/>\n<meta property=\"og:url\" content=\"https:\/\/skflyttstadning.com\/\" \/>\n<meta property=\"og:site_name\" content=\"SKflyttst\u00e4dning\" \/>\n<meta property=\"article:modified_time\" content=\"2025-01-05T20:02:32+00:00\" \/>\n<meta name=\"twitter:card\" content=\"summary_large_image\" \/>\n<meta name=\"twitter:label1\" content=\"Est. reading time\" \/>\n\t<meta name=\"twitter:data1\" content=\"1 minute\" \/>\n<script type=\"application\/ld+json\" class=\"yoast-schema-graph\">{\"@context\":\"https:\/\/schema.org\",\"@graph\":[{\"@type\":\"WebPage\",\"@id\":\"https:\/\/skflyttstadning.com\/\",\"url\":\"https:\/\/skflyttstadning.com\/\",\"name\":\"V\u00e4lkommen till SK flyttst\u00e4dning - SKflyttst\u00e4dning\",\"isPartOf\":{\"@id\":\"https:\/\/skflyttstadning.com\/#website\"},\"datePublished\":\"2024-12-06T17:59:08+00:00\",\"dateModified\":\"2025-01-05T20:02:32+00:00\",\"breadcrumb\":{\"@id\":\"https:\/\/skflyttstadning.com\/#breadcrumb\"},\"inLanguage\":\"en-US\",\"potentialAction\":[{\"@type\":\"ReadAction\",\"target\":[\"https:\/\/skflyttstadning.com\/\"]}]},{\"@type\":\"BreadcrumbList\",\"@id\":\"https:\/\/skflyttstadning.com\/#breadcrumb\",\"itemListElement\":[{\"@type\":\"ListItem\",\"position\":1,\"name\":\"Home\",\"item\":\"https:\/\/skflyttstadning.com\/\"},{\"@type\":\"ListItem\",\"position\":2,\"name\":\"V\u00e4lkommen till SK flyttst\u00e4dning\"}]},{\"@type\":\"WebSite\",\"@id\":\"https:\/\/skflyttstadning.com\/#website\",\"url\":\"https:\/\/skflyttstadning.com\/\",\"name\":\"SKflyttst\u00e4dning\",\"description\":\"Your Trusted Cleaning Partner in Sweden\",\"potentialAction\":[{\"@type\":\"SearchAction\",\"target\":{\"@type\":\"EntryPoint\",\"urlTemplate\":\"https:\/\/skflyttstadning.com\/?s={search_term_string}\"},\"query-input\":{\"@type\":\"PropertyValueSpecification\",\"valueRequired\":true,\"valueName\":\"search_term_string\"}}],\"inLanguage\":\"en-US\"}]}<\/script>\n<!-- \/ Yoast SEO plugin. -->","yoast_head_json":{"title":"V\u00e4lkommen till SK flyttst\u00e4dning - SKflyttst\u00e4dning","robots":{"index":"index","follow":"follow","max-snippet":"max-snippet:-1","max-image-preview":"max-image-preview:large","max-video-preview":"max-video-preview:-1"},"canonical":"https:\/\/skflyttstadning.com\/","og_locale":"en_US","og_type":"article","og_title":"V\u00e4lkommen till SK flyttst\u00e4dning - SKflyttst\u00e4dning","og_description":"SK flyttst\u00e4dning \u00e4r ett komplett st\u00e4df\u00f6retag som utf\u00f6r allt inom st\u00e4dning i hela V\u00e4sterbotten\u00a0. Vi vet att bek\u00e4mpa den oundvikliga flyttst\u00e4dningen inte \u00e4r det roligaste jobbet f\u00f6r m\u00e5nga, d\u00e4rf\u00f6r tar vi ansvar f\u00f6r flyttst\u00e4dningen fr\u00e5n golv till tak p\u00e5 en noggrann och kunnig s\u00e4tt. Vi p\u00e5 SK flyttst\u00e4dning anv\u00e4nder milj\u00f6v\u00e4nliga l\u00f6sningar och garanterar att reng\u00f6ra&hellip;","og_url":"https:\/\/skflyttstadning.com\/","og_site_name":"SKflyttst\u00e4dning","article_modified_time":"2025-01-05T20:02:32+00:00","twitter_card":"summary_large_image","twitter_misc":{"Est. reading time":"1 minute"},"schema":{"@context":"https:\/\/schema.org","@graph":[{"@type":"WebPage","@id":"https:\/\/skflyttstadning.com\/","url":"https:\/\/skflyttstadning.com\/","name":"V\u00e4lkommen till SK flyttst\u00e4dning - SKflyttst\u00e4dning","isPartOf":{"@id":"https:\/\/skflyttstadning.com\/#website"},"datePublished":"2024-12-06T17:59:08+00:00","dateModified":"2025-01-05T20:02:32+00:00","breadcrumb":{"@id":"https:\/\/skflyttstadning.com\/#breadcrumb"},"inLanguage":"en-US","potentialAction":[{"@type":"ReadAction","target":["https:\/\/skflyttstadning.com\/"]}]},{"@type":"BreadcrumbList","@id":"https:\/\/skflyttstadning.com\/#breadcrumb","itemListElement":[{"@type":"ListItem","position":1,"name":"Home","item":"https:\/\/skflyttstadning.com\/"},{"@type":"ListItem","position":2,"name":"V\u00e4lkommen till SK flyttst\u00e4dning"}]},{"@type":"WebSite","@id":"https:\/\/skflyttstadning.com\/#website","url":"https:\/\/skflyttstadning.com\/","name":"SKflyttst\u00e4dning","description":"Your Trusted Cleaning Partner in Sweden","potentialAction":[{"@type":"SearchAction","target":{"@type":"EntryPoint","urlTemplate":"https:\/\/skflyttstadning.com\/?s={search_term_string}"},"query-input":{"@type":"PropertyValueSpecification","valueRequired":true,"valueName":"search_term_string"}}],"inLanguage":"en-US"}]}},"_links":{"self":[{"href":"https:\/\/skflyttstadning.com\/index.php\/wp-json\/wp\/v2\/pages\/35","targetHints":{"allow":["GET"]}}],"collection":[{"href":"https:\/\/skflyttstadning.com\/index.php\/wp-json\/wp\/v2\/pages"}],"about":[{"href":"https:\/\/skflyttstadning.com\/index.php\/wp-json\/wp\/v2\/types\/page"}],"author":[{"embeddable":true,"href":"https:\/\/skflyttstadning.com\/index.php\/wp-json\/wp\/v2\/users\/1"}],"replies":[{"embeddable":true,"href":"https:\/\/skflyttstadning.com\/index.php\/wp-json\/wp\/v2\/comments?post=35"}],"version-history":[{"count":23,"href":"https:\/\/skflyttstadning.com\/index.php\/wp-json\/wp\/v2\/pages\/35\/revisions"}],"predecessor-version":[{"id":145,"href":"https:\/\/skflyttstadning.com\/index.php\/wp-json\/wp\/v2\/pages\/35\/revisions\/145"}],"wp:attachment":[{"href":"https:\/\/skflyttstadning.com\/index.php\/wp-json\/wp\/v2\/media?parent=35"}],"curies":[{"name":"wp","href":"https:\/\/api.w.org\/{rel}","templated":true}]}}